d 95428?
4
What is the greatest common divisor of 36 and 28325331?
9
Calculate the greatest common factor of 15916609 and 899.
31
What is the greatest common factor of 855360 and 1371040?
1760
Calculate the greatest common divisor of 34750 and 157815040.
1390
Calculate the greatest common divisor of 123 and 8341.
1
Calculate the greatest common divisor of 594877 and 11899.
73
Calculate the greatest common factor of 490162443 and 3.
3
What is the highest common divisor of 476 and 44756?
4
Calculate the highest common divisor of 2808 and 1261608.
24
What is the greatest common divisor of 1 and 297547530?
1
What is the greatest common factor of 59952650 and 37216?
2326
What is the greatest common divisor of 14118156 and 2716?
388
What is the highest common factor of 210 and 1788243170?
70
What is the highest common divisor of 1668124 and 77522?
934
Calculate the greatest common divisor of 66185600 and 832.
832
What is the greatest common divisor of 3390 and 51178?
2
What is the highest common factor of 275 and 46882000?
275
What is the highest common divisor of 2455 and 18064872?
491
What is the highest common factor of 322 and 167623?
1
What is the highest common factor of 1612818 and 42?
6
What is the greatest common divisor of 640880 and 275160?
40
Calculate the highest common divisor of 322 and 9933424.
46
What is the greatest common divisor of 6390288 and 10301832?
14328
What is the greatest common factor of 294 and 410823?
21
What is the greatest common divisor of 441 and 80215317?
63
What is the highest common factor of 63051613 and 30256?
1891
Calculate the highest common factor of 212164386 and 27345.
5469
What is the highest common factor of 29471520 and 56160?
6240
Calculate the highest common factor of 9 and 19244079.
9
What is the greatest common factor of 290 and 21452605?
145
Calculate the highest common divisor of 1921948 and 87316.
332
Calculate the greatest common divisor of 299 and 17907617.
13
Calculate the greatest common factor of 9570859 and 16957.
547
Calculate the greatest common divisor of 919251224 and 16336.
8168
Calculate the highest common factor of 513402678 and 3327.
3327
Calculate the highest common divisor of 43758973 and 67.
67
What is the greatest common divisor of 12035 and 4031?
29
What is the greatest common factor of 132751423 and 46?
23
Calculate the greatest common factor of 4039596 and 15516.
36
Calculate the highest common divisor of 5822611 and 161.
23
What is the greatest common factor of 5093 and 187664086?
463
Calculate the highest common factor of 1530373 and 19123.
13
What is the highest common divisor of 118090232 and 13?
13
Calculate the highest common divisor of 660 and 425048220.
60
Calculate the greatest common factor of 3801371 and 253.
23
What is the greatest common factor of 832 and 8767538?
26
Calculate the highest common factor of 227280 and 41406628.
3788
Calculate the highest common factor of 215474610 and 218475.
14565
Calculate the highest common factor of 228 and 14555064.
228
Calculate the highest common factor of 40529268 and 72.
36
What is the highest common divisor of 1265313 and 210?
21
What is the highest common factor of 133692 and 2366598?
78
What is the highest common factor of 7306816 and 1712?
1712
Calculate the greatest common factor of 2335047 and 4407.
39
What is the greatest common divisor of 237811 and 3867794?
4487
What is the greatest common divisor of 481 and 10841857?
13
What is the highest common factor of 263156352 and 48?
48
What is the greatest common factor of 95694171 and 87?
87
What is the highest common divisor of 147193 and 49903253?
2413
What is the highest common divisor of 346033856 and 18128?
1648
What is the highest common divisor of 1071588072 and 24?
24
Calculate the greatest common divisor of 867529 and 247.
13
What is the greatest common factor of 1093651 and 5?
1
What is the highest common divisor of 2528710 and 120?
10
What is the greatest common divisor of 4214095 and 15?
5
What is the greatest common factor of 129336 and 74664?
408
Calculate the highest common factor of 3068609 and 559.
43
What is the greatest common divisor of 8211863 and 5192?
11
What is the highest common divisor of 5487 and 1838641?
31
What is the highest common factor of 125102142 and 213?
213
Calculate the greatest common factor of 23313675 and 88080.
5505
Calculate the highest common divisor of 197205304 and 306.
34
Calculate the highest common factor of 1394 and 183308.
2
What is the greatest common divisor of 8325384 and 444?
12
What is the greatest common divisor of 14964 and 120228?
516
Calculate the highest common factor of 21805504 and 4256.
224
Calculate the highest common factor of 4074 and 344778.
42
Calculate the greatest common factor of 249 and 220771617.
249
Calculate the greatest common divisor of 726358494 and 6.
6
Calculate the greatest common factor of 806 and 21230274.
26
Calculate the greatest common divisor of 47008 and 134888.
104
What is the greatest common factor of 290949 and 1389406?
293
What is the highest common factor of 20 and 184395590?
10
What is the highest common factor of 416 and 40866475?
13
What is the greatest common factor of 30555 and 79055?
485
What is the highest common divisor of 424468 and 23232?
484
Calculate the greatest common divisor of 1124135 and 532.
19
Calculate the greatest common factor of 254 and 160947862.
254
Calculate the highest common factor of 1716 and 6789684.
132
Calculate the greatest common divisor of 110 and 452804605.
55
Calculate the highest common divisor of 1352 and 19435676.
676
What is the greatest common factor of 455568 and 1344?
48
Calculate the highest common divisor of 247476 and 131856.
492
What is the highest common factor of 10606482 and 153?
9
What is the greatest common divisor of 209 and 1572882586?
209
What is the highest common divisor of 31278 and 2656224?
2406
Calculate the highest common factor of 701473924 and 3944.
1972
What is the highest common factor of 7040693 and 5291?
407
Calculate the highest common factor of 2305 and 10162745.
2305
Calculate the highest common divisor of 3400 and 3488825.
425
Calculate the greatest common divisor of 1797 and 474428366.
599
What is the greatest common divisor of 234085030 and 115?
115
Calculate the highest common divisor of 4425 and 8754825.
75
Calculate the highest common divisor of 1751 and 35858729.
1751
Calculate the highest common divisor of 1326 and 31538247.
663
Calculate the greatest common divisor of 5677 and 478369972.
811
What is the greatest common divisor of 95382980 and 385?
385
What is the greatest common factor of 29041 and 856201?
113
Calculate the greatest common factor of 240 and 35111760.
240
Calculate the highest common factor of 459 and 13925907.
153
What is the greatest common divisor of 80938368 and 1344?
1344
What is the greatest common divisor of 105828341 and 818?
409
Calculate the highest common divisor of 528 and 96896.
16
What is the highest common factor of 15653677 and 602?
43
Calculate the highest common divisor of 2710 and 139150370.
2710
What is the highest common divisor of 32844 and 976626?
966
What is the highest common factor of 18944 and 544256?
512
Calculate the highest common divisor of 1050303 and 5433962.
4931
Calculate the greatest common divisor of 4312 and 255497088.
616
Calculate the greatest common divisor of 24972 and 468.
12
Calculate the highest common divisor of 4835952 and 4653.
99
Calculate the highest common factor of 9 and 4670242.
1
What is the greatest common factor of 148375805 and 5245?
5245
Calculate the greatest common divisor of 11803580 and 1740.
580
What is the greatest common factor of 65615133 and 7959?
1137
What is the highest common divisor of 175477366 and 102?
34
What is the highest common divisor of 685 and 178288512?
137
Calculate the highest common factor of 25985137 and 111624.
4651
Calculate the greatest common factor of 5679942 and 4689.
1563
Calculate the greatest common factor of 644820274 and 434.
434
What is the highest common divisor of 664 and 110152786?
166
What is the greatest common divisor of 468 and 109678062?
78
Calculate the highest common divisor of 232 and 5085896.
8
What is the greatest common divisor of 105999773 and 86?
43
Calculate the grea